. Determine k(-7).
-9
Let k(c) = 4*c**3 - 7*c**2 + 3*c + 2. What is k(2)?
12
Let r(j) = j**3 + 6*j**2 - 12*j - 4. Determine r(-8).
-36
Let j(c) = -c**3 - 11*c**2 - 13*c - 5. What is j(-9)?
-50
Let t(c) = -13*c - 55. Calculate t(-5).
10
Let g(r) = -r**3 + 7*r**2 + 5*r - 14. Calculate g(8).
-38
Let i(o) = -2*o + 4. What is i(3)?
-2
Let n(y) = y - 17. What is n(5)?
-12
Let g(i) = 51*i - 1. Calculate g(-2).
-103
Let r(o) = -115*o - 99. What is r(-1)?
16
Let t(u) = -u - 12. What is t(-10)?
-2
Let n(g) = g - 9. Calculate n(3).
-6
Let q(k) = 2*k**2 + 10*k + 7. Calculate q(-6).
19
Let v(i) = -i - 22. What is v(-21)?
-1
Let k(g) = g + 3. Determine k(2).
5
Let a(d) = 3*d + 71. Determine a(-22).
5
Let h(f) = -6*f**2 - 11*f + 6. Give h(-5).
-89
Let v(u) = -u**3 + 7*u**2 + 2*u - 7. What is v(7)?
7
Let r(j) = 2*j**2 - 8*j + 8. What is r(4)?
8
Let t(z) = -z**3 + 6*z**2 - 7*z + 31. Give t(5).
21
Let s(o) = -o**3 + 10*o**2 - 8*o + 1. Determine s(9).
10
Let j(v) = v**2 + 6*v - 5. Calculate j(-8).
11
Let k(x) = -x**2 - 12*x + 6. Give k(-12).
6
Let q(f) = f**2 + 62*f + 321. Calculate q(-6).
-15
Let y(g) = 2*g + 1. What is y(4)?
9
Let y(v) = -v**2 + 3*v + 10. Give y(5).
0
Let i(q) = q - 6. Give i(-6).
-12
Let p(h) = -h**3 - h**2 + h - 19. Determine p(0).
-19
Let r(v) = 2*v + 21. What is r(7)?
35
Let p(w) = -w - 26. Determine p(-21).
-5
Let m(r) = -13*r + 2. Calculate m(-2).
28
Let p(o) = 7*o**2 - 2*o. Determine p(-1).
9
Let q(s) = -2*s + 17. Calculate q(9).
-1
Let w(m) = -2*m**3 + 16*m**2 - 16*m + 134. Determine w(8).
6
Let p(w) = 19*w - 190. What is p(10)?
0
Let i(r) = -r - 1. Calculate i(6).
-7
Let n(p) = -p**3 - 12*p**2 + p - 16. Determine n(-12).
-28
Let g(y) = y**2 + 12. What is g(0)?
12
Let a(z) = -z**2 - 25*z - 79. What is a(-22)?
-13
Let p(q) = -q**2 + 6*q + 1. Determine p(7).
-6
Let f(b) = -3*b**3 + 11*b**2 + 14. Calculate f(4).
-2
Let w(n) = 2*n**3 + 6*n**2 - 4*n + 6. Calculate w(-4).
-10
Let k(l) = -12*l + 45. What is k(10)?
-75
Let y(r) = r**2 - 4*r - 30. What is y(6)?
-18
Let d(h) = 2*h**2 + 20*h - 25. Determine d(-11).
-3
Let g(j) = j**2 + 25*j - 506. What is g(13)?
-12
Let f(g) = -g**2 - g + 29. What is f(4)?
9
Let u(c) = 3*c + 25. Determine u(-7).
4
Let h(p) = 2*p + 9. Calculate h(-7).
-5
Let v(q) = -q**3 - 19*q**2 + 17*q - 45. Determine v(-20).
15
Let j(m) = -m**3 + 9*m**2 - 10*m - 2. What is j(8)?
-18
Let j(o) = -o**3 + 8*o**2 - 10*o + 1. Determine j(7).
-20
Let s(l) = -l**3 + 13*l**2 - 2*l + 17. Give s(13).
-9
Let f(v) = 5*v**2 + 5*v + 3. Give f(-1).
3
Let a(k) = k**3 + 7*k**2 + 8*k + 21. Give a(-6).
9
Let q(r) = 14*r**2 - 172*r + 41. Calculate q(12).
-7
Let n(p) = -6*p - 51. Give n(-8).
-3
Let o(x) = -20*x**3 - 4*x**2 - 5*x + 1. Give o(-2).
155
Let w(n) = -n**3 - 9*n**2 - 5*n + 60. What is w(-7)?
-3
Let a(w) = -w - 8. Determine a(-26).
18
Let d(y) = y**3 + y**2 + 4*y - 4. Determine d(1).
2
Let a(u) = u**2 - 19*u - 18. Calculate a(19).
-18
Let u(q) = -q**2 + 5*q - 13. Calculate u(10).
-63
Let s(n) = 4*n - 2. What is s(-9)?
-38
Let h(j) = -3*j**3 - 39*j**2 - 2*j - 32. Determine h(-13).
-6
Let a(v) = 34*v - 743. Determine a(22).
5
Let r(w) = w**3 - 24*w**2 - 23*w - 54. Determine r(25).
-4
Let l(w) = 3*w - 38. What is l(13)?
1
Let o(w) = -w**2 + 15*w + 30. Determine o(16).
14
Let w(b) = b**2 - 15*b - 81. Calculate w(15).
-81
Let g(p) = p**3 + 4*p**2 - 7*p - 12. Calculate g(-5).
-2
Let f(x) = 10*x + 24. Give f(-2).
4
Let d(q) = 14*q**2 + 89*q + 9. Determine d(-6).
-21
Let s(m) = m**2 - 2. Determine s(3).
7
Let h(u) = -11*u - 4. Determine h(-5).
51
Let p(u) = u**3 + 29*u**2 + 29*u + 39. Calculate p(-28).
11
Let j(t) = -2*t**2 - t + 4. What is j(-3)?
-11
Let x(h) = -h**3 + 9*h**2 + 4*h - 10. Give x(9).
26
Let s(a) = a**2 - 8*a + 2. Determine s(8).
2
Let t(g) = -13*g + 176. Calculate t(14).
-6
Let i(n) = 13*n + 222. Determine i(-17).
1
Let o(r) = -r**2 + 3*r - 1. Determine o(6).
-19
Let b(j) = -j**3 - 3*j**2 - 5*j - 3. What is b(-3)?
12
Let t(x) = -64*x - 299. Give t(-5).
21
Let y(i) = -i**2 + 17*i - 9. What is y(14)?
33
Let i(p) = p + 23. Calculate i(6).
29
Let g(x) = x**3 - 15*x**2 + 13*x - 4. Calculate g(14).
-18
Let c(k) = -11*k. Give c(5).
-55
Let q(m) = 14*m + 118. Calculate q(-11).
-36
Let i(n) = 6*n - 7. Give i(2).
5
Let k(m) = m**3 + 5*m**2 - 6*m - 6. What is k(-6)?
-6
Let v(b) = -12*b**2 + 35*b - 3. Determine v(3).
-6
Let m(h) = h**3 - 76*h**2 + 73*h + 155. What is m(75)?
5
Let s(z) = -7*z + 5. Determine s(5).
-30
Let s(v) = v**3 + 6*v**2 + 16*v + 91. Give s(-6).
-5
Let u(d) = -d**3 + 17*d**2 - 2*d + 27. Determine u(17).
-7
Let w(a) = -27*a - 2165. Give w(-80).
-5
Let t(r) = 8*r**3 + 2*r + 1. Determine t(-1).
-9
Let v(c) = -2*c**3 - 23*c**2 + 9*c - 40. Determine v(-12).
-4
Let x(t) = 4*t - 35. What is x(9)?
1
Let c(q) = -2*q + 24. What is c(-14)?
52
Let v(x) = -x**3 - 9*x**2 - 11*x + 4. Calculate v(-8).
28
Let r(l) = l**2 - 9*l - 15. What is r(10)?
-5
Let u(a) = a**3 + 9*a**2 + 17*a + 145. Give u(-9).
-8
Let k(x) = x**3 - 6*x**2 - 5*x - 1. Give k(5).
-51
Let b(r) = r**2 - 6*r - 3. Calculate b(10).
37
Let n(m) = -m**3 + m**2 - 2*m - 2. Determine n(3).
-26
Let s(u) = 4*u**2 + 55*u + 35. Give s(-13).
-4
Let u(t) = -3*t**3 + 16*t**2 - 8*t + 4. Calculate u(5).
-11
Let s(n) = -55*n**2 - 2*n - 2. Give s(-1).
-55
Let g(j) = j**3 - 3*j**2 - 10*j + 3. Calculate g(5).
3
Let l(a) = 4*a + 13. Give l(-15).
-47
Let p(s) = -5*s + 134. Give p(28).
-6
Let k(p) = 2*p + 4. Determine k(-2).
0
Let q(k) = -k**2 + 12*k - 44. What is q(6)?
-8
Let i(s) = s**3 - 7*s**2 + 2*s - 10. Give i(5).
-50
Let r(q) = -6*q**2 + 25*q - 42. Give r(2).
-16
Let v(a) = a**2 + 6*a - 11. What is v(-9)?
16
Let v(d) = -d**2 - 2*d + 12. Calculate v(-7).
-23
Let z(i) = 63*i**3 - i**2 - i. What is z(-1)?
-63
Let v(c) = c**3 - c**2 - 11*c + 12. Give v(3).
-3
Let m(l) = l**3 - 15*l**2 - 14*l - 29. Calculate m(16).
3
Let m(p) = -p**2 + 30*p - 146. What is m(7)?
15
Let p(l) = -18*l**3 - 2*l**2 + 4*l - 3. Calculate p(1).
-19
Let w(n) = -20*n**2 + n + 1. Determine w(-1).
-20
Let m(i) = -i + 20. Determine m(-5).
25
Let s(x) = -x**2 + 4*x + 2. Determine s(-1).
-3
Let b(f) = -f**3 - 6*f**2 + 6*f - 5. Determine b(-7).
2
Let m(z) = 6*z**3 + z**2 + z - 1. What is m(1)?
7
Let u(q) = 15*q - 125. Give u(9).
10
Let o(u) = -5*u**2 - 2*u. What is o(-3)?
-39
Let w(f) = -f**3 - 9*f**2 - 8*f + 17. Determine w(-4).
-31
Let p(w) = -4*w - 15. Calculate p(-18).
57
Let r(k) = k**2 - 4*k - 17. Give r(8).
15
Let p(a) = a**3 - 8*a**2 + 10*a + 1. What is p(7)?
22
Let z(f) = -3*f - 7. Calculate z(5).
-22
Let t(z) = z + 8. Give t(-15).
-7
Let u(s) = -s**2 + 7*s - 4. Give u(10).
-34
Let f(q) = 3*q - 1. What is f(-1)?
-4
Let w(f) = -2*f**2 - 20*f - 11. What is w(-8)?
21
Let h(k) = -k**3 - 13*k**2 + 12*k + 9. Calculate h(-13).
-147
Let k(b) = 6*b**2 + 41*b - 2. Determine k(-7).
5
Let t(l) = -20*l**3 - 2*l**2 + 3*l. Calculate t(1).
-19
Let i(d) = 2*d**2 + 16*d + 11. Determine i(-7).
-3
Let d(f) = -32*f**2 + 192*f - 3. Calculate d(6).
-3
Let v(b) = -2*b**2 - 17*b + 24. What is v(-10)?
-6
Let q(y) = -2*y - 2. Calculate q(-2).
2
Let k(b) = -53*b + 789. What is k(15)?
-6
Let d(j) = -j**3 + 13*j**2 + j - 18. Give d(13).
-5
Let f(v) = 42*v + 21. What is f(-6)?
-231
Let y(m) = 3*m - 15. What is y(8)?
9
Let b(z) = z**3 - 26*z**2 + 25*z + 17. Determine b(25).
17
Let h(v) = 3*v**2 + 26*v + 15. Give h(-7).
-20
Let u(b) = b**3 - 3*b**2 - 3*b. Give u(3).
-9
Let f(z) = -z**2 - 8*z - 1. Determine f(-8).
-1
Let r(u) = 6*u**2 + 130*u - 53. Determine r(-22).
-9
Let o(i) = -i**3 + 6. Determine o(0).
6
Let q(u) = 4*u - 22. What is q(9)?
14
Let s(w) = 18*w + 95. Give s(-5).
5
Let c(s) = s**3 + 15*s**2 - 34*s + 6. What is c(-17)?
6
Let y(g) = g**2 - 10*g + 2. What is y(11)?
13
Let n(d) = -d - 26. What is n(-7)?
-19
Let g(d) = d + 1. Calculate g(1).
2
Let u(c) = c. Calculate u(-9).
-9
Let k(y) = 4*y**2 + 2*y - 40. What is k(3)?
2
Let y(i) = i**2 - 4*i + 8. Determine y(6).
20
Let v(f) = 7*f - 9. Calculate v(3).
12
Let o(y) = -3*y**2 + y + 5. Calculate o(5).
-65
Let r(k) = 3*k + 1. Give r(1).
4
Let j(u) = -u**2 - 20*u - 40. Give j(-18).
-4
Let n(i) = 3*i - 2. Calculate n(-2).
-8
Let h(c) = 9*c + 160. Give h(-17).
7
Let p(m) = 4*m**2 - 180*m + 1. Calculate p(45).
1
Let s(v) = -2*v**2 - 7*v - 2. Give s(-6).
-32
Let y(m) = m**3 - 11*m**2 + 20*m - 22.